{"id":554,"date":"2023-01-10T20:00:04","date_gmt":"2023-01-10T20:00:04","guid":{"rendered":"https:\/\/www.geagomezduo.com\/?page_id=554"},"modified":"2024-12-15T19:47:45","modified_gmt":"2024-12-15T19:47:45","slug":"duo-espanol","status":"publish","type":"page","link":"https:\/\/www.geagomezduo.com\/index.php\/duo-espanol\/","title":{"rendered":""},"content":{"rendered":"<p style=\"font-weight: 400;\">El d\u00fao de guitarras Gea-G\u00f3mez est\u00e1 formado por Marisa G\u00f3mez e Ignacio Gea. Cuenta con una amplia experiencia y un extenso repertorio que incluye obras tanto del repertorio cl\u00e1sico y contempor\u00e1neo como obras de car\u00e1cter m\u00e1s popular (espa\u00f1ol y latinoamericano). \u00c9stas caracter\u00edsticas han permitido al d\u00fao adaptarse f\u00e1cilmente a cualquier tipo de p\u00fablico obteniendo siempre un gran \u00e9xito y una excelente respuesta por parte del mismo.<\/p>\n<p style=\"font-weight: 400;\">Su talento y su gran versatilidad interpretativa han hecho que algunos destacados compositores les dediquen obras y conf\u00eden en ellos para su estreno.<\/p>\n<p style=\"font-weight: 400;\">Han actuado por numerosos escenarios de la geograf\u00eda espa\u00f1ola y tambi\u00e9n del extranjero destacando la gira de conciertos realizada por Latinoam\u00e9rica que los llev\u00f3 por pa\u00edses como Argentina, Uruguay, Chile y Brasil.<\/p>\n","protected":false},"excerpt":{"rendered":"<p>El d\u00fao de guitarras Gea-G\u00f3mez est\u00e1 formado por Marisa G\u00f3mez e Ignacio Gea. Cuenta con una amplia experiencia y un extenso repertorio que incluye obras tanto del repertorio cl\u00e1sico y contempor\u00e1neo como obras de car\u00e1cter m\u00e1s popular (espa\u00f1ol y latinoamericano). \u00c9stas caracter\u00edsticas han permitido al d\u00fao adaptarse f\u00e1cilmente a cualquier tipo de p\u00fablico obteniendo siempre [&hellip;]<\/p>\n","protected":false},"author":1,"featured_media":131,"parent":0,"menu_order":0,"comment_status":"closed","ping_status":"closed","template":"","meta":{"footnotes":""},"class_list":["post-554","page","type-page","status-publish","has-post-thumbnail","hentry"],"_links":{"self":[{"href":"https:\/\/www.geagomezduo.com\/index.php\/wp-json\/wp\/v2\/pages\/554","targetHints":{"allow":["GET"]}}],"collection":[{"href":"https:\/\/www.geagomezduo.com\/index.php\/wp-json\/wp\/v2\/pages"}],"about":[{"href":"https:\/\/www.geagomezduo.com\/index.php\/wp-json\/wp\/v2\/types\/page"}],"author":[{"embeddable":true,"href":"https:\/\/www.geagomezduo.com\/index.php\/wp-json\/wp\/v2\/users\/1"}],"replies":[{"embeddable":true,"href":"https:\/\/www.geagomezduo.com\/index.php\/wp-json\/wp\/v2\/comments?post=554"}],"version-history":[{"count":4,"href":"https:\/\/www.geagomezduo.com\/index.php\/wp-json\/wp\/v2\/pages\/554\/revisions"}],"predecessor-version":[{"id":614,"href":"https:\/\/www.geagomezduo.com\/index.php\/wp-json\/wp\/v2\/pages\/554\/revisions\/614"}],"wp:featuredmedia":[{"embeddable":true,"href":"https:\/\/www.geagomezduo.com\/index.php\/wp-json\/wp\/v2\/media\/131"}],"wp:attachment":[{"href":"https:\/\/www.geagomezduo.com\/index.php\/wp-json\/wp\/v2\/media?parent=554"}],"curies":[{"name":"wp","href":"https:\/\/api.w.org\/{rel}","templated":true}]}}